vert -37 (base 8) to base 7.
-43
Convert 21 (base 6) to base 9.
14
Convert -2 (base 4) to base 14.
-2
What is -110 (base 3) in base 8?
-14
-8 (base 15) to base 4
-20
142 (base 6) to base 11
57
What is 114 (base 8) in base 4?
1030
0 (base 12) to base 6
0
Convert -2 (base 12) to base 11.
-2
Convert 12 (base 5) to base 15.
7
-23 (base 11) to base 16
-19
6 (base 9) to base 13
6
-6 (base 13) to base 11
-6
What is -98 (base 14) in base 8?
-206
2 (base 15) to base 5
2
Convert -206 (base 10) to base 12.
-152
Convert 102 (base 4) to base 2.
10010
What is 3 (base 10) in base 6?
3
-2 (base 6) to base 2
-10
Convert 2100 (base 4) to base 3.
12100
101001 (base 2) to base 14
2d
Convert -3 (base 5) to base 12.
-3
Convert -4 (base 12) to base 3.
-11
Convert -2 (base 5) to base 15.
-2
Convert -44 (base 12) to base 7.
-103
Convert -17 (base 12) to base 6.
-31
1 (base 13) to base 3
1
What is -185 (base 11) in base 6?
-554
What is 90 (base 11) in base 5?
344
What is -71 (base 14) in base 13?
-78
-15 (base 13) to base 2
-10010
What is 0 (base 5) in base 13?
0
What is 10 (base 2) in base 13?
2
What is 0 (base 15) in base 7?
0
What is 10 (base 13) in base 10?
13
-4 (base 7) to base 8
-4
-32 (base 5) to base 6
-25
-10 (base 2) to base 13
-2
-24 (base 13) to base 12
-26
Convert 0 (base 5) to base 6.
0
Convert -151 (base 6) to base 8.
-103
Convert -2 (base 7) to base 13.
-2
2 (base 11) to base 15
2
What is -4 (base 6) in base 10?
-4
What is 11001 (base 2) in base 9?
27
Convert 60 (base 7) to base 3.
1120
Convert -42 (base 14) to base 6.
-134
What is 7b (base 13) in base 3?
10210
What is -2 (base 7) in base 9?
-2
What is 33 (base 16) in base 9?
56
0 (base 13) to base 4
0
What is 1221 (base 5) in base 16?
ba
9 (base 14) to base 16
9
Convert -2 (base 5) to base 2.
-10
-2 (base 12) to base 14
-2
What is 13 (base 4) in base 3?
21
Convert -2140 (base 5) to base 13.
-199
38 (base 12) to base 16
2c
-1 (base 11) to base 2
-1
-1111110 (base 2) to base 6
-330
-6 (base 15) to base 8
-6
2 (base 14) to base 6
2
Convert 3 (base 10) to base 4.
3
What is -2 (base 16) in base 10?
-2
21 (base 3) to base 13
7
What is 10 (base 10) in base 16?
a
6 (base 11) to base 4
12
-1 (base 5) to base 9
-1
What is 5 (base 14) in base 3?
12
Convert -1 (base 11) to base 13.
-1
Convert -402 (base 5) to base 16.
-66
Convert -3 (base 10) to base 4.
-3
-2a (base 13) to base 15
-26
What is 11010 (base 2) in base 11?
24
Convert -a2 (base 12) to base 13.
-95
What is -1a1 (base 11) in base 12?
-174
Convert -10 (base 2) to base 4.
-2
What is -2 (base 16) in base 5?
-2
What is -1000 (base 3) in base 16?
-1b
Convert 3 (base 11) to base 5.
3
Convert 43 (base 16) to base 13.
52
-177 (base 9) to base 2
-10010111
What is -13 (base 12) in base 3?
-120
11210 (base 3) to base 9
153
What is -40 (base 9) in base 7?
-51
Convert 3 (base 16) to base 11.
3
Convert -1010 (base 2) to base 8.
-12
What is -2101 (base 4) in base 3?
-12101
What is 1a (base 12) in base 10?
22
What is -10 (base 7) in base 13?
-7
What is -11010 (base 2) in base 12?
-22
Convert 54 (base 9) to base 5.
144
Convert 69 (base 14) to base 7.
162
Convert 25 (base 11) to base 2.
11011
What is 66 (base 15) in base 2?
1100000
Convert -6 (base 16) to base 3.
-20
What is -22 (base 10) in base 2?
-10110
What is -18 (base 14) in base 4?
-112
What is 15 (base 15) in base 3?
202
What is 233 (base 5) in base 15?
48
Convert -7 (base 10) to base 3.
-21
What is -1 (base 16) in base 13?
-1
20 (base 4) to base 6
12
What is 2 (base 6) in base 10?
2
2 (base 10) to base 8
2
Convert 5 (base 14) to base 12.
5
-6 (base 7) to base 15
-6
3 (base 5) to base 10
3
What is -1 (base 4) in base 3?
-1
Convert 161 (base 7) to base 9.
112
What is -2 (base 3) in base 15?
-2
Convert -2 (base 13) to base 8.
-2
4 (base 14) to base 2
100
What is 3 (base 5) in base 9?
3
-10 (base 2) to base 3
-2
4 (base 14) to base 3
11
Convert -4 (base 10) to base 4.
-10
What is -2 (base 9) in base 6?
-2
What is -22 (base 3) in base 13?
-8
What is 11 (base 3) in base 16?
4
What is 11 (base 2) in base 4?
3
Convert -2 (base 12) to base 3.
-2
Convert 0 (base 3) to base 8.
0
Convert b (base 12) to base 9.
12
Convert -1a (base 13) to base 4.
-113
14 (base 6) to base 11
a
Convert -8 (base 10) to base 16.
-8
What is -44 (base 11) in base 9?
-53
-23 (base 15) to base 2
-100001
What is 4 (base 5) in base 12?
4
What is 0 (base 6) in base 9?
0
Convert 14 (base 14) to base 7.
24
Convert -6 (base 8) to base 4.
-12
What is 21010 (base 3) in base 5?
1232
Convert -146 (base 8) to base 15.
-6c
-13 (base 4) to base 8
-7
202 (base 4) to base 8
42
-21 (base 9) to base 4
-103
Convert 1221 (base 3) to base 12.
44
2 (base 8) to base 2
10
3 (base 8) to base 7
3
Convert -210 (base 3) to base 10.
-21
Convert 6 (base 13) to base 11.
6
What is -122 (base 3) in base 10?
-17
What is -13 (base 12) in base 14?
-11
11002 (base 3) to base 8
156
-14 (base 7) to base 9
-12
Convert 238 (base 9) to base 15.
d2
What is -6 (base 14) in base 12?
-6
2302 (base 4) to base 13
109
What is 13 (base 14) in base 9?
18
What is -141 (base 6) in base 11?
-56
What is 116 (base 7) in base 15?
42
What is -31 (base 4) in base 11?
-12
-4 (base 5) to base 6
-4
21 (base 3) to base 15
7
-c (base 13) to base 12
-10
Convert 1001 (base 2) to base 12.
9
Convert -130 (base 7) to base 9.
-77
3 (base 10) to base 5
3
What is -1014 (base 5) in base 15?
-8e
Convert 20 (base 9) to base 4.
102
Convert -113 (base 5) to base 9.
-36
What is 15 (base 12) in base 8?
21
What is -1 (base 12) in base 9?
-1
Convert -2 (base 5) to base 11.
-2
Convert 0 (base 16) to base 8.
0
4 (base 12) to base 3
11
29 (base 13) to base 12
2b
Convert -4 (base 15) to base 7.
-4
What is 112 (base 3) in base 11?
13
Convert -5 (base 8) to base 11.
-5
-27 (base 12) to base 15
-21
Convert -1 (base 4) to base 16.
-1
Convert 11 (base 16) to base 8.
21
Convert -10101 (base 2) to base 5.
-41
Convert 2 (base 13) to base 16.
2
5 (base 11) to base 2
101
41 (base 8) to base 10
33
What is 104 (base 6) in base 14?
2c
What is -3f (base 16) in base 9?
-70
-9 (base 16) to base 3
-100
Convert 1423 (base 5) to base 4.
3232
-a (base 13) to base 15
-a
10 (base 11) to base 9
12
Convert 2 (base 16) to base 14.
2
What is -1 (base 16) in base 11?
-1
205 (base 9) to base 7
326
What is 9 (base 12) in base 14?
9
What is -36 (base 11) in base 7?
-54
Convert 212 (base 3) to base 2.
10111
What is 122 (base 3) in base 2?
10001
What is -12 (base 5) in base 2?
-111
Convert -4 (base 14) to base 3.
-11
Convert -3 (base 14) to base 8.
-3
Convert -23 (base 4) to base 15.
-b
22 (base 14) to base 7
42
-1101011 (base 2) to base 12
-8b
55 (base 11) to base 15
40
27 (base 8) to base 13
1a
What is -14 (base 9) in base 14?
-d
-16e (base 15) to base 11
-27a
What is -2 (base 6) in base 10?
-2
16 (base 8) to base 16
e
What is 10001 (base 2) in base 16?
11
-3 (base 13) to base 5
-3
What is 0 (base 15) in base 10?
0
Convert b2 (base 12) to base 6.
342
What is 1 (base 7) in base 16?
1
-114 (base 5) to base 10
-34
-2 (base 15) to base 14
-2
What is 1c (base 13) in base 8?
31
What is 83 (base 10) in base 16?
53
Convert -32 (base 13) to base 11.
-38
Convert 1001 (base 3) to base 6.
44
Convert 4 (base 14) to base 13.
4
What is -2031 (base 4) in base 14?
-a1
Convert 1b (base 12) to base 7.
32
Convert -2 (base 6) to base 16.
-2
Convert 1111001 (base 2) to base 3.
11111
5 (base 16) to base 6
5
Convert -20 (base 7) to base 4.
-32
306 (base 9) to base 15
119
24 (base 9) to base 2
10110
2 (base 8) to base 11
2
Convert 67 (base 12) to base 3.
2221
101 (base 3) to base 10
10
What is 2 (base 8) in base 10?
2
What is -127 (base 8) in base 14?
-63
Convert -20 (base 4) to base 15.
-8
Convert -2 (base 10) to base 4.
-2
What is 11 (base 3) in base 9?
4
What is 4 (base 14) in base 12?
4
-286 (base 10) to base 5
-2121
Convert -11 (base 4) to base 10.
-5
Convert 8 (base 12) to base 16.
8
What is -29 (base 13) in base 12?
-2b
Convert -24 (base 5) to base 11.
-13
315 (base 9) to base 13
16a
3 (base 5) to base 14
3
20 (base 3) to base 11
6
3 (base 7) to base 13
3
What is 6 (base 7) in base 5?
11
Convert -1 (base 4) to base 6.
-1
Convert -10 (base 7) to base 4.
-13
What is -5 (base 8) in base 16?
-5
Convert 5 (base 10) to base 3.
12
What is -149 (base 14) in base 10?
-261
What is -8